{"id":873,"date":"2026-02-20T16:43:55","date_gmt":"2026-02-20T15:43:55","guid":{"rendered":"https:\/\/blanca-laura.com\/les-miscellanees-du-bonheur\/?page_id=873"},"modified":"2026-03-13T08:46:41","modified_gmt":"2026-03-13T07:46:41","slug":"faq","status":"publish","type":"page","link":"https:\/\/blanca-laura.com\/les-miscellanees-du-bonheur\/faq\/","title":{"rendered":"FAQ"},"content":{"rendered":"\n<h3 class=\"wp-block-heading\"><strong>FAQ FREQUENTLY ASKED QUESTIONS (EN)<\/strong><\/h3>\n\n\n\n<h4 class=\"wp-block-heading\"><strong>1. What is &#8220;Les Miscellan\u00e9es du Bonheur&#8221; ?<\/strong> &#8220;Les Miscellan\u00e9es du Bonheur&#8221; (&#8220;The Miscellany of Happiness&#8221;) is the officially registered legal name at the INPI for the Blanca-Laura enterprise. It is the official boutique for the Blanca-Laura Methods\u2014&#8221;Methods for a Happy Life&#8221;\u2014which provide five powerful tools to build a holistically satisfying life. Furthermore, &#8220;The Miscellany of Happiness&#8221; is the title of a book available on Amazon, authored by Blanca-Laura under the pen name &#8220;Laura Felicity Gallagher.&#8221;<\/h4>\n\n\n\n<h4 class=\"wp-block-heading\"><strong>2. Why did I design my methods on cards instead of a book?<\/strong> Because I know your life is fast-paced. A book often stays on a shelf gathering dust. I created these cards to be your &#8220;pocket essential.&#8221; By having them in your wallet, you have a constant physical reminder of your commitment to excellence.<\/h4>\n\n\n\n<h4 class=\"wp-block-heading\"><strong>3. Why is the &#8220;Excellence and Freedom&#8221; Pack priced at 177 \u20ac?<\/strong> Each of my individual digital methods is valued at <strong>57 \u20ac<\/strong>. The &#8220;Excellence and Freedom&#8221; Pack is my premium offering. It represents a complete life transformation across five vital dimensions. By investing 177 \u20ac, you are not just buying cards; you are buying my proven system to save time, money, and mental energy for years to come.<\/h4>\n\n\n\n<h4 class=\"wp-block-heading\"><strong>4. Why is the Prestige Pack named the &#8220;Excellence and Freedom&#8221; Pack? <\/strong>This name reflects the core values of my career and my life. &#8216;Excellence&#8217; is not just a word to me; it is a standard I have upheld throughout my professional journey\u2014from earning the Mention of Excellence with my degrees to maintaining that same level of rigor during my years at major corporations. &#8216;Freedom&#8217; represents the ultimate goal: using these structured systems to reclaim your time and build your own legacy.<\/h4>\n\n\n\n<h4 class=\"wp-block-heading\"><strong>5. Will I receive my digital files immediately?<\/strong> Yes. I want you to start building your Good life today. As soon as your payment is confirmed, I will send you, by email within 48 hours, all 5 methods in High-Definition PDF format. Your physical premium cards will be shipped to your home also within 48 hours.<\/h4>\n\n\n\n<h4 class=\"wp-block-heading\"><strong>6. Can I share these methods with my family?<\/strong> Absolutely. In fact, I encourage it! I designed <em>Family Prayer<\/em> and <em>Good Grades<\/em> specifically to bring your spouse and children into your vision of a structured and joyful home.<\/h4>\n\n\n\n<h4 class=\"wp-block-heading\"><strong>7. In which languages are my methods available?<\/strong> I am a polyglot and I believe your Empire should have no borders. My methods are currently available in <strong>English, French and Spanish<\/strong>. You can choose your preferred language during checkout.<\/h4>\n\n\n\n<h4 class=\"wp-block-heading\"><strong>8. What if I am only interested in improving one specific dimension of my life? <\/strong>While my philosophy is built on the harmony of five dimensions, I understand that you may want to start where your need is most urgent. Each of my <strong>Individual Methods<\/strong> is designed as a standalone, high-precision system. Whether you choose to focus on <strong>Savings<\/strong>, <strong>Organization<\/strong>, or <strong>Family Vision<\/strong>, you will receive a complete, ready-to-use framework to achieve excellence in that specific area. Every individual method is built with &#8216;connectors&#8217; in mind. Once you master one dimension, you will find it much easier to integrate the others, as they all share the same logic of efficiency and freedom. For your convenience, all my methods are individually available in<strong> English, French, and Spanish.<\/strong><\/h4>\n\n\n\n<h3 class=\"wp-block-heading\"><strong>PREGUNTAS FRECUENTES (ES)<\/strong><\/h3>\n\n\n\n<h4 class=\"wp-block-heading\"><strong>1. \u00bfQu\u00e9 es &#8220;Les Miscellan\u00e9es du Bonheur&#8221;?<\/strong> &#8220;Les Miscellan\u00e9es du Bonheur&#8221; (&#8220;Las Miscel\u00e1neas de la Felicidad&#8221;) es el nombre legal registrado oficialmente ante la instituci\u00f3n INPI para la empresa Blanca-Laura. Es la tienda oficial de los M\u00e9todos Blanca-Laura: &#8220;M\u00e9todos para una Vida Feliz&#8221;, tal como indica nuestro eslogan, ya que proporcionan cinco herramientas poderosas para construir una vida plena y hol\u00edstica. Asimismo, &#8220;Las Miscel\u00e1neas de la Felicidad&#8221; es el t\u00edtulo de un libro, disponible en Amazon, escrito por Blanca-Laura bajo el seud\u00f3nimo de &#8220;Laura Felicity Gallagher&#8221;.<\/h4>\n\n\n\n<h4 class=\"wp-block-heading\"><strong>2. \u00bfPor qu\u00e9 dise\u00f1\u00e9 mis m\u00e9todos en tarjetas en lugar de un libro?<\/strong> Porque s\u00e9 que tu ritmo de vida es acelerado. Un libro a menudo se queda en un estante acumulando polvo. Cre\u00e9 estas tarjetas para que sean tus &#8220;esenciales de bolsillo&#8221;. Al llevarlas en tu cartera, tienes un recordatorio f\u00edsico constante de tu compromiso con la excelencia.<\/h4>\n\n\n\n<h4 class=\"wp-block-heading\"><strong>3. \u00bfPor qu\u00e9 el Pack &#8220;Excelencia y Libertad&#8221; tiene un precio de 177 \u20ac?<\/strong> Cada uno de mis m\u00e9todos digitales individuales tiene un valor de 57 \u20ac. El Pack &#8220;Excelencia y Libertad&#8221; es mi oferta Premium. Representa una transformaci\u00f3n de vida completa a trav\u00e9s de cinco dimensiones vitales. Al invertir 177 \u20ac, no solo est\u00e1s comprando tarjetas; est\u00e1s comprando mi sistema probado para ahorrar tiempo, dinero y energ\u00eda mental durante los pr\u00f3ximos a\u00f1os.<\/h4>\n\n\n\n<h4 class=\"wp-block-heading\"><strong>4. \u00bfPor qu\u00e9 el Pack Prestige se llama &#8220;Excelencia y Libertad&#8221;?<\/strong> Este nombre refleja los valores fundamentales de mi carrera y mi vida. La &#8220;Excelencia&#8221; no es solo una palabra para m\u00ed; es un est\u00e1ndar que he mantenido a lo largo de mi trayectoria profesional, desde obtener la Menci\u00f3n de Excelencia en mis t\u00edtulos acad\u00e9micos hasta mantener ese mismo rigor durante mis a\u00f1os en grandes corporaciones. La &#8220;Libertad&#8221; representa la meta final: utilizar estos sistemas estructurados para recuperar tu tiempo y construir tu propio legado.<\/h4>\n\n\n\n<h4 class=\"wp-block-heading\"><strong>5. \u00bfRecibir\u00e9 mis archivos digitales de inmediato?<\/strong> S\u00ed. Quiero que empieces a construir tu &#8220;Buena Vida&#8221; hoy mismo. Tan pronto como se confirme tu pago, te enviar\u00e9 por correo electr\u00f3nico en menos de 48 horas, los 5 m\u00e9todos en formato PDF de Alta Definici\u00f3n. Tus tarjetas f\u00edsicas premium se enviar\u00e1n a tu domicilio tambi\u00e9n en menos de 48 horas.<\/h4>\n\n\n\n<h4 class=\"wp-block-heading\"><strong>6. \u00bfPuedo compartir estos m\u00e9todos con mi familia?<\/strong> Absolutamente. De hecho, \u00a1te animo a ello! Dise\u00f1\u00e9 &#8220;Oraci\u00f3n en Familia&#8221; y &#8220;Buenas Notas&#8221; (Good Grades) espec\u00edficamente para integrar a tu c\u00f3nyuge e hijos en tu visi\u00f3n de un hogar estructurado y alegre.<\/h4>\n\n\n\n<h4 class=\"wp-block-heading\"><strong>7. \u00bfEn qu\u00e9 idiomas est\u00e1n disponibles mis m\u00e9todos?<\/strong> Soy pol\u00edglota y creo que tu Imperio no deber\u00eda tener fronteras. Mis m\u00e9todos est\u00e1n disponibles actualmente en ingl\u00e9s, franc\u00e9s y espa\u00f1ol. Puedes elegir tu idioma preferido durante el proceso de pago.<\/h4>\n\n\n\n<h4 class=\"wp-block-heading\"><strong>8. \u00bfQu\u00e9 pasa si solo me interesa mejorar una dimensi\u00f3n espec\u00edfica de mi vida?<\/strong> Aunque mi filosof\u00eda se basa en la armon\u00eda de cinco dimensiones, entiendo que quieras empezar por donde tu necesidad sea m\u00e1s urgente. Cada uno de mis M\u00e9todos Individuales est\u00e1 dise\u00f1ado como un sistema aut\u00f3nomo de alta precisi\u00f3n. Ya sea que decidas centrarte en el Ahorro, la Organizaci\u00f3n o la Visi\u00f3n Familiar, recibir\u00e1s un marco completo y listo para usar para alcanzar la excelencia en esa \u00e1rea. Cada m\u00e9todo individual est\u00e1 construido con &#8220;conectores&#8221;: una vez que domines una dimensi\u00f3n, te resultar\u00e1 mucho m\u00e1s f\u00e1cil integrar las dem\u00e1s, ya que todas comparten la misma l\u00f3gica de eficiencia y libertad. Para tu comodidad, todos mis m\u00e9todos est\u00e1n disponibles individualmente en<strong> ingl\u00e9s, franc\u00e9s y espa\u00f1ol<\/strong>.<\/h4>\n\n\n\n<h3 class=\"wp-block-heading\"><strong>FAQ QUESTIONS FR\u00c9QUEMMENT POS\u00c9ES (FR)<\/strong><\/h3>\n\n\n\n<h4 class=\"wp-block-heading\"><strong>1. Qu&#8217;est-ce que \u00ab Les Miscellan\u00e9es du Bonheur \u00bb ?<\/strong> \u00ab Les Miscellan\u00e9es du Bonheur \u00bb est le nom l\u00e9gal officiellement d\u00e9pos\u00e9 aupr\u00e8s de l&#8217;INPI pour l&#8217;entreprise Blanca-Laura. Il s&#8217;agit de la boutique officielle des M\u00e9thodes Blanca-Laura : des \u00ab M\u00e9thodes pour une Vie Heureuse \u00bb, comme l&#8217;indique notre slogan, car elles offrent cinq outils puissants pour b\u00e2tir une vie \u00e9panouie et holistique. Par ailleurs, \u00ab Les Miscellan\u00e9es du Bonheur \u00bb est \u00e9galement le titre d&#8217;un livre, vendu sur Amazon, \u00e9crit par Blanca-Laura sous le nom de plume \u00ab Laura Felicity Gallagher \u00bb.<\/h4>\n\n\n\n<h4 class=\"wp-block-heading\"><strong>2. Pourquoi avoir con\u00e7u mes m\u00e9thodes sur des cartes plut\u00f4t que dans un livre ?<\/strong> Parce que je sais que votre vie va \u00e0 cent \u00e0 l&#8217;heure. Un livre reste souvent sur une \u00e9tag\u00e8re \u00e0 prendre la poussi\u00e8re. J&#8217;ai cr\u00e9\u00e9 ces cartes pour qu&#8217;elles soient vos &#8220;essentiels de poche&#8221;. En les gardant dans votre portefeuille, vous disposez d&#8217;un rappel physique constant de votre engagement envers l&#8217;excellence.<\/h4>\n\n\n\n<h4 class=\"wp-block-heading\"><strong>3. Pourquoi le Pack &#8220;Excellence et Libert\u00e9&#8221; est-il au prix de 177 \u20ac ?<\/strong> Chacune de mes m\u00e9thodes num\u00e9riques individuelles a une valeur de 57 \u20ac. Le Pack &#8220;Excellence et Libert\u00e9&#8221; est mon offre Premium. Il repr\u00e9sente une transformation compl\u00e8te de vie \u00e0 travers cinq dimensions vitales. En investissant 177 \u20ac, vous n&#8217;achetez pas seulement des cartes ; vous achetez mon syst\u00e8me \u00e9prouv\u00e9 pour \u00e9conomiser du temps, de l&#8217;argent et de l&#8217;\u00e9nergie mentale pour les ann\u00e9es \u00e0 venir.<\/h4>\n\n\n\n<h4 class=\"wp-block-heading\"><strong>4. Pourquoi le Pack Prestige s&#8217;appelle-t-il &#8220;Excellence et Libert\u00e9&#8221; ?<\/strong> Ce nom refl\u00e8te les valeurs fondamentales de ma carri\u00e8re et de ma vie. L&#8217;Excellence n&#8217;est pas qu&#8217;un mot pour moi ; c&#8217;est une norme que j&#8217;ai maintenue tout au long de mon parcours professionnel \u2014 de l&#8217;obtention de ma Mention d&#8217;Excellence lors de mes dipl\u00f4mes \u00e0 la rigueur appliqu\u00e9e durant mes ann\u00e9es dans de grandes entreprises. La Libert\u00e9 repr\u00e9sente l&#8217;objectif ultime : utiliser ces syst\u00e8mes structur\u00e9s pour reprendre le contr\u00f4le de votre temps et b\u00e2tir votre propre h\u00e9ritage.<\/h4>\n\n\n\n<h4 class=\"wp-block-heading\"><strong>5. Recevrai-je mes fichiers num\u00e9riques imm\u00e9diatement ?<\/strong> Oui. Je veux que vous commenciez \u00e0 b\u00e2tir votre &#8220;Bonne Vie&#8221; d\u00e8s aujourd&#8217;hui. D\u00e8s que votre paiement est confirm\u00e9, je vous enverrai par courriel sous 48 heures, les 5 m\u00e9thodes au format PDF Haute D\u00e9finition. Vos cartes physiques premium seront exp\u00e9di\u00e9es \u00e0 votre domicile aussi en moins de 48 heures.<\/h4>\n\n\n\n<h4 class=\"wp-block-heading\"><strong>6. Puis-je partager ces m\u00e9thodes avec ma famille ?<\/strong> Absolument. En fait, je vous y encourage ! J&#8217;ai con\u00e7u &#8220;Pri\u00e8re en Famille&#8221; et &#8220;Bonnes Notes&#8221; (Good Grades) sp\u00e9cifiquement pour impliquer votre conjoint et vos enfants dans votre vision d&#8217;un foyer structur\u00e9 et joyeux.<\/h4>\n\n\n\n<h4 class=\"wp-block-heading\"><strong>7. Dans quelles langues mes m\u00e9thodes sont-elles disponibles ?<\/strong> Je suis polyglotte et je pense que votre Empire ne devrait pas avoir de fronti\u00e8res. Mes m\u00e9thodes sont actuellement disponibles en Anglais, Fran\u00e7ais et Espagnol. Vous pouvez choisir votre langue pr\u00e9f\u00e9r\u00e9e lors du paiement.<\/h4>\n\n\n\n<h4 class=\"wp-block-heading\"><strong>8. Que se passe-t-il si je souhaite am\u00e9liorer une seule dimension sp\u00e9cifique de ma vie ?<\/strong> Bien que ma philosophie soit b\u00e2tie sur l&#8217;harmonie de cinq dimensions, je comprends que vous souhaitiez commencer l\u00e0 o\u00f9 votre besoin est le plus urgent. Chacune de mes M\u00e9thodes Individuelles est con\u00e7ue comme un syst\u00e8me autonome de haute pr\u00e9cision. Que vous choisissiez de vous concentrer sur l&#8217;\u00c9pargne, l&#8217;Organisation ou la Vision Familiale, vous recevrez un cadre complet et pr\u00eat \u00e0 l&#8217;emploi pour atteindre l&#8217;excellence dans ce domaine. Chaque m\u00e9thode est construite avec des &#8220;connecteurs&#8221; : une fois que vous ma\u00eetrisez une dimension, il vous sera beaucoup plus facile d&#8217;int\u00e9grer les autres, car elles partagent toutes la m\u00eame logique d&#8217;efficacit\u00e9 et de libert\u00e9. Pour votre confort, toutes mes m\u00e9thodes sont disponibles individuellement en <strong>anglais, fran\u00e7ais et espagnol<\/strong>.<\/h4>\n\n\n\n<p><\/p>\n","protected":false},"excerpt":{"rendered":"<p>FAQ FREQUENTLY ASKED QUESTIONS (EN) 1. What is &#8220;Les Miscellan\u00e9es du Bonheur&#8221; ? &#8220;Les Miscellan\u00e9es du Bonheur&#8221; (&#8220;The Miscellany of Happiness&#8221;) is the officially registered legal name at the INPI for the Blanca-Laura enterprise. It is the official boutique for the Blanca-Laura Methods\u2014&#8221;Methods for a Happy Life&#8221;\u2014which provide five powerful tools to build a holistically [&hellip;]<\/p>\n","protected":false},"author":1,"featured_media":0,"parent":0,"menu_order":0,"comment_status":"closed","ping_status":"closed","template":"","meta":{"footnotes":""},"class_list":["post-873","page","type-page","status-publish","hentry"],"yoast_head":"<!-- This site is optimized with the Yoast SEO plugin v27.4 - https:\/\/yoast.com\/product\/yoast-seo-wordpress\/ -->\n<title>FAQ Les Miscellan\u00e9es du Bonheur<\/title>\n<meta name=\"description\" content=\"FAQ Les Miscellan\u00e9es du Bonheur - Frequent Asked Questions - Preguntas frecuentes - Questions pos\u00e9es fr\u00e9quemment.\" \/>\n<meta name=\"robots\" content=\"index, follow, max-snippet:-1, max-image-preview:large, max-video-preview:-1\" \/>\n<link rel=\"canonical\" href=\"https:\/\/blanca-laura.com\/les-miscellanees-du-bonheur\/faq\/\" \/>\n<meta property=\"og:locale\" content=\"en_GB\" \/>\n<meta property=\"og:type\" content=\"article\" \/>\n<meta property=\"og:title\" content=\"FAQ Les Miscellan\u00e9es du Bonheur\" \/>\n<meta property=\"og:description\" content=\"FAQ Les Miscellan\u00e9es du Bonheur - Frequent Asked Questions - Preguntas frecuentes - Questions pos\u00e9es fr\u00e9quemment.\" \/>\n<meta property=\"og:url\" content=\"https:\/\/blanca-laura.com\/les-miscellanees-du-bonheur\/faq\/\" \/>\n<meta property=\"og:site_name\" content=\"Les Miscellan\u00e9es du Bonheur\" \/>\n<meta property=\"article:publisher\" content=\"https:\/\/www.facebook.com\/profile.php?id=61551054304235&amp;locale=fr_FR\" \/>\n<meta property=\"article:modified_time\" content=\"2026-03-13T07:46:41+00:00\" \/>\n<meta name=\"twitter:card\" content=\"summary_large_image\" \/>\n<meta name=\"twitter:label1\" content=\"Estimated reading time\" \/>\n\t<meta name=\"twitter:data1\" content=\"8 minutes\" \/>\n<script type=\"application\/ld+json\" class=\"yoast-schema-graph\">{\"@context\":\"https:\\\/\\\/schema.org\",\"@graph\":[{\"@type\":\"WebPage\",\"@id\":\"https:\\\/\\\/blanca-laura.com\\\/les-miscellanees-du-bonheur\\\/faq\\\/\",\"url\":\"https:\\\/\\\/blanca-laura.com\\\/les-miscellanees-du-bonheur\\\/faq\\\/\",\"name\":\"FAQ Les Miscellan\u00e9es du Bonheur\",\"isPartOf\":{\"@id\":\"https:\\\/\\\/blanca-laura.com\\\/les-miscellanees-du-bonheur\\\/#website\"},\"datePublished\":\"2026-02-20T15:43:55+00:00\",\"dateModified\":\"2026-03-13T07:46:41+00:00\",\"description\":\"FAQ Les Miscellan\u00e9es du Bonheur - Frequent Asked Questions - Preguntas frecuentes - Questions pos\u00e9es fr\u00e9quemment.\",\"breadcrumb\":{\"@id\":\"https:\\\/\\\/blanca-laura.com\\\/les-miscellanees-du-bonheur\\\/faq\\\/#breadcrumb\"},\"inLanguage\":\"en-GB\",\"potentialAction\":[{\"@type\":\"ReadAction\",\"target\":[\"https:\\\/\\\/blanca-laura.com\\\/les-miscellanees-du-bonheur\\\/faq\\\/\"]}]},{\"@type\":\"BreadcrumbList\",\"@id\":\"https:\\\/\\\/blanca-laura.com\\\/les-miscellanees-du-bonheur\\\/faq\\\/#breadcrumb\",\"itemListElement\":[{\"@type\":\"ListItem\",\"position\":1,\"name\":\"Home\",\"item\":\"https:\\\/\\\/blanca-laura.com\\\/les-miscellanees-du-bonheur\\\/\"},{\"@type\":\"ListItem\",\"position\":2,\"name\":\"FAQ\"}]},{\"@type\":\"WebSite\",\"@id\":\"https:\\\/\\\/blanca-laura.com\\\/les-miscellanees-du-bonheur\\\/#website\",\"url\":\"https:\\\/\\\/blanca-laura.com\\\/les-miscellanees-du-bonheur\\\/\",\"name\":\"Blanca-Laura Methods official shop \\\"Les Miscellan\u00e9es du Bonheur\\\"\",\"description\":\"The official store to get the Blanca-Laura Methods for a Happy Life\",\"potentialAction\":[{\"@type\":\"SearchAction\",\"target\":{\"@type\":\"EntryPoint\",\"urlTemplate\":\"https:\\\/\\\/blanca-laura.com\\\/les-miscellanees-du-bonheur\\\/?s={search_term_string}\"},\"query-input\":{\"@type\":\"PropertyValueSpecification\",\"valueRequired\":true,\"valueName\":\"search_term_string\"}}],\"inLanguage\":\"en-GB\"}]}<\/script>\n<!-- \/ Yoast SEO plugin. -->","yoast_head_json":{"title":"FAQ Les Miscellan\u00e9es du Bonheur","description":"FAQ Les Miscellan\u00e9es du Bonheur - Frequent Asked Questions - Preguntas frecuentes - Questions pos\u00e9es fr\u00e9quemment.","robots":{"index":"index","follow":"follow","max-snippet":"max-snippet:-1","max-image-preview":"max-image-preview:large","max-video-preview":"max-video-preview:-1"},"canonical":"https:\/\/blanca-laura.com\/les-miscellanees-du-bonheur\/faq\/","og_locale":"en_GB","og_type":"article","og_title":"FAQ Les Miscellan\u00e9es du Bonheur","og_description":"FAQ Les Miscellan\u00e9es du Bonheur - Frequent Asked Questions - Preguntas frecuentes - Questions pos\u00e9es fr\u00e9quemment.","og_url":"https:\/\/blanca-laura.com\/les-miscellanees-du-bonheur\/faq\/","og_site_name":"Les Miscellan\u00e9es du Bonheur","article_publisher":"https:\/\/www.facebook.com\/profile.php?id=61551054304235&locale=fr_FR","article_modified_time":"2026-03-13T07:46:41+00:00","twitter_card":"summary_large_image","twitter_misc":{"Estimated reading time":"8 minutes"},"schema":{"@context":"https:\/\/schema.org","@graph":[{"@type":"WebPage","@id":"https:\/\/blanca-laura.com\/les-miscellanees-du-bonheur\/faq\/","url":"https:\/\/blanca-laura.com\/les-miscellanees-du-bonheur\/faq\/","name":"FAQ Les Miscellan\u00e9es du Bonheur","isPartOf":{"@id":"https:\/\/blanca-laura.com\/les-miscellanees-du-bonheur\/#website"},"datePublished":"2026-02-20T15:43:55+00:00","dateModified":"2026-03-13T07:46:41+00:00","description":"FAQ Les Miscellan\u00e9es du Bonheur - Frequent Asked Questions - Preguntas frecuentes - Questions pos\u00e9es fr\u00e9quemment.","breadcrumb":{"@id":"https:\/\/blanca-laura.com\/les-miscellanees-du-bonheur\/faq\/#breadcrumb"},"inLanguage":"en-GB","potentialAction":[{"@type":"ReadAction","target":["https:\/\/blanca-laura.com\/les-miscellanees-du-bonheur\/faq\/"]}]},{"@type":"BreadcrumbList","@id":"https:\/\/blanca-laura.com\/les-miscellanees-du-bonheur\/faq\/#breadcrumb","itemListElement":[{"@type":"ListItem","position":1,"name":"Home","item":"https:\/\/blanca-laura.com\/les-miscellanees-du-bonheur\/"},{"@type":"ListItem","position":2,"name":"FAQ"}]},{"@type":"WebSite","@id":"https:\/\/blanca-laura.com\/les-miscellanees-du-bonheur\/#website","url":"https:\/\/blanca-laura.com\/les-miscellanees-du-bonheur\/","name":"Blanca-Laura Methods official shop \"Les Miscellan\u00e9es du Bonheur\"","description":"The official store to get the Blanca-Laura Methods for a Happy Life","potentialAction":[{"@type":"SearchAction","target":{"@type":"EntryPoint","urlTemplate":"https:\/\/blanca-laura.com\/les-miscellanees-du-bonheur\/?s={search_term_string}"},"query-input":{"@type":"PropertyValueSpecification","valueRequired":true,"valueName":"search_term_string"}}],"inLanguage":"en-GB"}]}},"_links":{"self":[{"href":"https:\/\/blanca-laura.com\/les-miscellanees-du-bonheur\/wp-json\/wp\/v2\/pages\/873","targetHints":{"allow":["GET"]}}],"collection":[{"href":"https:\/\/blanca-laura.com\/les-miscellanees-du-bonheur\/wp-json\/wp\/v2\/pages"}],"about":[{"href":"https:\/\/blanca-laura.com\/les-miscellanees-du-bonheur\/wp-json\/wp\/v2\/types\/page"}],"author":[{"embeddable":true,"href":"https:\/\/blanca-laura.com\/les-miscellanees-du-bonheur\/wp-json\/wp\/v2\/users\/1"}],"replies":[{"embeddable":true,"href":"https:\/\/blanca-laura.com\/les-miscellanees-du-bonheur\/wp-json\/wp\/v2\/comments?post=873"}],"version-history":[{"count":10,"href":"https:\/\/blanca-laura.com\/les-miscellanees-du-bonheur\/wp-json\/wp\/v2\/pages\/873\/revisions"}],"predecessor-version":[{"id":1132,"href":"https:\/\/blanca-laura.com\/les-miscellanees-du-bonheur\/wp-json\/wp\/v2\/pages\/873\/revisions\/1132"}],"wp:attachment":[{"href":"https:\/\/blanca-laura.com\/les-miscellanees-du-bonheur\/wp-json\/wp\/v2\/media?parent=873"}],"curies":[{"name":"wp","href":"https:\/\/api.w.org\/{rel}","templated":true}]}}